
1
What is -7 (base 9) in base 4?
-13
-1210 (base 5) to base 9
-220
Convert -30 (base 4) to base 2.
-1100
What is 6 (base 7) in base 2?
110
What is -31 (base 7) in base 10?
-22
What is -11 (base 8) in base 16?
-9
536 (base 8) to base 5
2400
-3 (base 5) to base 6
-3
50 (base 8) to base 7
55
What is -42 (base 13) in base 4?
-312
Convert -9 (base 13) to base 14.
-9
What is -102 (base 3) in base 6?
-15
What is 3 (base 9) in base 7?
3
-5 (base 9) to base 11
-5
What is 2020 (base 3) in base 4?
330
What is -1b (base 13) in base 4?
-120
-21 (base 9) to base 6
-31
What is 9 (base 15) in base 6?
13
What is 2021 (base 3) in base 6?
141
0 (base 10) to base 7
0
Convert 6 (base 16) to base 10.
6
What is -14 (base 16) in base 12?
-18
What is -330 (base 7) in base 8?
-250
What is 5c (base 14) in base 5?
312
253 (base 7) to base 9
161
Convert -5 (base 6) to base 15.
-5
Convert 102 (base 4) to base 10.
18
What is -1 (base 9) in base 12?
-1
-322 (base 4) to base 8
-72
Convert 22 (base 5) to base 9.
13
What is 2 (base 6) in base 2?
10
What is -57 (base 10) in base 13?
-45
29 (base 14) to base 9
41
Convert 1144 (base 5) to base 12.
126
-2 (base 8) to base 16
-2
-6a (base 12) to base 9
-101
Convert 100 (base 3) to base 14.
9
Convert -1 (base 16) to base 11.
-1
What is -6 (base 10) in base 5?
-11
1 (base 12) to base 14
1
5 (base 11) to base 8
5
1104 (base 5) to base 15
a4
Convert 4d (base 15) to base 9.
81
What is -24 (base 13) in base 9?
-33
What is 1 (base 9) in base 16?
1
Convert -3 (base 9) to base 4.
-3
3 (base 12) to base 13
3
Convert -210 (base 5) to base 8.
-67
Convert -3 (base 6) to base 13.
-3
Convert -2022 (base 4) to base 8.
-212
-92 (base 10) to base 9
-112
Convert 110101 (base 2) to base 13.
41
Convert -2 (base 15) to base 3.
-2
Convert -42 (base 8) to base 7.
-46
Convert 24 (base 13) to base 6.
50
2 (base 7) to base 11
2
What is 31 (base 8) in base 3?
221
What is -4 (base 5) in base 13?
-4
4 (base 15) to base 12
4
67 (base 11) to base 2
1001001
Convert -1001110 (base 2) to base 9.
-86
What is -10 (base 2) in base 4?
-2
What is 11 (base 9) in base 2?
1010
3 (base 10) to base 6
3
3 (base 10) to base 6
3
-54 (base 8) to base 5
-134
What is 14 (base 5) in base 7?
12
What is -53 (base 13) in base 5?
-233
What is -31 (base 4) in base 10?
-13
What is -310 (base 4) in base 2?
-110100
What is -63 (base 13) in base 5?
-311
What is -152 (base 6) in base 16?
-44
-a (base 16) to base 7
-13
Convert -10 (base 3) to base 8.
-3
What is -1 (base 16) in base 2?
-1
301 (base 4) to base 11
45
What is -100 (base 2) in base 9?
-4
What is 3 (base 9) in base 6?
3
-44 (base 5) to base 15
-19
-21 (base 6) to base 5
-23
Convert -24 (base 6) to base 4.
-100
-2 (base 5) to base 6
-2
What is -233 (base 4) in base 2?
-101111
41 (base 6) to base 16
19
Convert 16 (base 10) to base 11.
15
Convert 1111 (base 3) to base 11.
37
Convert -18 (base 12) to base 6.
-32
What is -1 (base 7) in base 4?
-1
Convert 10 (base 2) to base 10.
2
0 (base 10) to base 9
0
What is 31 (base 4) in base 11?
12
7 (base 16) to base 15
7
-33 (base 11) to base 15
-26
What is -22 (base 6) in base 8?
-16
What is -27 (base 8) in base 7?
-32
What is 8 (base 15) in base 12?
8
Convert 100 (base 7) to base 6.
121
What is 104 (base 5) in base 15?
1e
100 (base 4) to base 3
121
Convert 21 (base 9) to base 3.
201
What is -10111 (base 2) in base 3?
-212
2 (base 6) to base 12
2
-3 (base 11) to base 15
-3
Convert -312 (base 5) to base 4.
-1102
What is 0 (base 6) in base 3?
0
1 (base 13) to base 8
1
What is 0 (base 4) in base 14?
0
Convert 2 (base 3) to base 7.
2
What is 55 (base 9) in base 4?
302
What is 105 (base 8) in base 6?
153
Convert -3 (base 5) to base 11.
-3
What is -1100 (base 3) in base 7?
-51
What is 4 (base 8) in base 10?
4
Convert 43 (base 7) to base 6.
51
-133 (base 5) to base 6
-111
-16 (base 9) to base 8
-17
5 (base 12) to base 13
5
Convert 7 (base 11) to base 16.
7
Convert 6 (base 10) to base 2.
110
-55 (base 6) to base 10
-35
What is -2 (base 7) in base 4?
-2
Convert 5a (base 11) to base 2.
1000001
-2 (base 7) to base 12
-2
423 (base 5) to base 8
161
What is -3 (base 14) in base 6?
-3
-100011 (base 2) to base 12
-2b
Convert 13 (base 7) to base 2.
1010
What is -11 (base 10) in base 15?
-b
Convert 2 (base 14) to base 9.
2
24 (base 7) to base 6
30
Convert 21011 (base 3) to base 7.
364
75 (base 8) to base 6
141
Convert 13 (base 4) to base 14.
7
-10 (base 3) to base 7
-3
What is -81 (base 9) in base 4?
-1021
47 (base 13) to base 9
65
What is 6 (base 15) in base 11?
6
What is -25 (base 13) in base 8?
-37
-363 (base 7) to base 9
-233
What is -79 (base 11) in base 14?
-62
-112 (base 4) to base 9
-24
2 (base 10) to base 8
2
What is -115 (base 8) in base 7?
-140
Convert -12 (base 12) to base 6.
-22
-1 (base 7) to base 10
-1
Convert 2 (base 11) to base 4.
2
Convert -5d (base 14) to base 12.
-6b
-1a (base 16) to base 15
-1b
-1 (base 13) to base 10
-1
Convert 1 (base 5) to base 15.
1
2 (base 3) to base 15
2
Convert -d (base 14) to base 9.
-14
-4 (base 9) to base 14
-4
-d (base 15) to base 12
-11
What is -103 (base 5) in base 12?
-24
What is -26 (base 8) in base 3?
-211
-14 (base 14) to base 6
-30
-10 (base 11) to base 3
-102
-1010 (base 2) to base 16
-a
What is 21111 (base 3) in base 10?
202
Convert -7 (base 13) to base 14.
-7
What is 64 (base 12) in base 3?
2211
5 (base 6) to base 4
11
What is -323 (base 7) in base 13?
-c8
-15 (base 11) to base 13
-13
1 (base 13) to base 15
1
-2 (base 15) to base 11
-2
-542 (base 8) to base 3
-111010
-24 (base 5) to base 7
-20
-4 (base 7) to base 5
-4
What is 33 (base 11) in base 8?
44
5 (base 12) to base 15
5
-12 (base 13) to base 15
-10
-2 (base 9) to base 14
-2
Convert 1b8 (base 12) to base 9.
345
Convert -140 (base 5) to base 15.
-30
What is 0 (base 13) in base 5?
0
Convert -12 (base 3) to base 6.
-5
Convert 12 (base 8) to base 7.
13
What is -4 (base 8) in base 12?
-4
-203 (base 7) to base 8
-145
Convert 233 (base 5) to base 12.
58
6 (base 12) to base 2
110
Convert -2 (base 15) to base 3.
-2
What is 101 (base 2) in base 11?
5
What is -b1 (base 15) in base 11?
-141
Convert 1100100 (base 2) to base 11.
91
-206 (base 10) to base 5
-1311
2 (base 13) to base 4
2
Convert 1 (base 7) to base 16.
1
aa (base 15) to base 5
1120
-24 (base 9) to base 14
-18
What is 104 (base 6) in base 3?
1111
What is -6 (base 9) in base 13?
-6
Convert -213 (base 7) to base 11.
-99
Convert 3 (base 16) to base 15.
3
What is -5 (base 14) in base 8?
-5
a4 (base 11) to base 9
136
1011 (base 2) to base 16
b
What is 15 (base 11) in base 16?
10
What is -55 (base 8) in base 7?
-63
-2 (base 11) to base 14
-2
What is -27 (base 10) in base 14?
-1d
Convert -202 (base 5) to base 6.
-124
Convert 1 (base 11) to base 8.
1
What is 124 (base 9) in base 15?
6d
Convert -22 (base 13) to base 14.
-20
What is 2 (base 9) in base 15?
2
e (base 15) to base 9
15
What is -1 (base 10) in base 5?
-1
What is -30 (base 12) in base 10?
-36
What is 121 (base 8) in base 7?
144
Convert 19c (base 14) to base 5.
2314
111 (base 5) to base 14
23
Convert 2 (base 9) to base 16.
2
Convert -1 (base 12) to base 13.
-1
What is 13 (base 4) in base 7?
10
200 (base 7) to base 4
1202
Convert a4 (base 14) to base 4.
2100
What is 63 (base 9) in base 10?
57
Convert 2e (base 15) to base 12.
38
What is -1 (base 5) in base 8?
-1
What is 3 (base 10) in base 13?
3
7 (base 10) to base 13
7
What is 20 (base 6) in base 15?
c
646 (base 7) to base 6
1304
Convert 90 (base 13) to base 16.
75
What is 8 (base 10) in base 3?
22
Convert 542 (base 6) to base 5.
1311
Convert 3100 (base 4) to base 7.
415
-1001110 (base 2) to base 5
-303
Convert 93 (base 12) to base 2.
1101111
5 (base 9) to base 15
5
-2 (base 14) to base 8
-2
What is 15 (base 12) in base 7?
23
56 (base 7) to base 2
101001
Convert -3 (base 15) to base 9.
-3
What is 155 (base 7) in base 12?
75
Convert 110001 (base 2) to base 7.
100
202 (base 3) to base 8
24
-4 (base 16) to base 6
-4
1 (base 15) to base 16
1
Convert -1 (base 11) to base 5.
-1
What is 201 (base 8) in base 5?
1004
-153 (base 11) to base 3
-20122
Convert 0 (base 9) to base 6.
0
101 (base 2) to base 4
11
What is -1100 (base 2) in base 16?
-c
140 (base 7) to base 3
2212
What is 71 (base 10) in base 3?
2122
Convert 2 (base 7) to base 3.
2
-3 (base 4) to ba